{"id":24,"date":"2015-09-22T15:23:28","date_gmt":"2015-09-22T13:23:28","guid":{"rendered":"http:\/\/www.venus-dessous.ch\/?page_id=24"},"modified":"2017-05-19T14:17:45","modified_gmt":"2017-05-19T12:17:45","slug":"bademode","status":"publish","type":"page","link":"http:\/\/www.venus-dessous.ch\/index.php\/bademode\/","title":{"rendered":"Bademode"},"content":{"rendered":"<p>Ab August 2015 und zum 10-j\u00e4hrigen Jubil\u00e4um von Venus-Dessous ist in Seon (AG) nun auch Bademode erh\u00e4ltlich. <strong>Top Qualit\u00e4t und Top Lieferanten sind bei uns ein MUSS!<\/strong><\/p>\n<p>Hier einige Impressionen aus der neuen Bademode Kollektion\u2026. Wir freuen uns auf Ihren Besuch im Shop!<\/p>\n<p><span style=\"color: #339966;\"><strong>Lisca<br \/>\nSunflair<\/strong><\/span><span style=\"color: #339966;\"><strong><br \/>\nSapph<br \/>\nNaturana<br \/>\nLingadore<\/strong><\/span><\/p>\n","protected":false},"excerpt":{"rendered":"<p>Ab August 2015 und zum 10-j\u00e4hrigen Jubil\u00e4um von Venus-Dessous ist in Seon (AG) nun auch Bademode erh\u00e4ltlich. Top Qualit\u00e4t und Top Lieferanten sind bei uns ein MUSS! Hier einige Impressionen aus der neuen Bademode Kollektion\u2026. Wir freuen uns auf Ihren<\/p>\n","protected":false},"author":1,"featured_media":0,"parent":0,"menu_order":3,"comment_status":"closed","ping_status":"closed","template":"","meta":{"footnotes":""},"class_list":["post-24","page","type-page","status-publish","hentry"],"_links":{"self":[{"href":"http:\/\/www.venus-dessous.ch\/index.php\/wp-json\/wp\/v2\/pages\/24","targetHints":{"allow":["GET"]}}],"collection":[{"href":"http:\/\/www.venus-dessous.ch\/index.php\/wp-json\/wp\/v2\/pages"}],"about":[{"href":"http:\/\/www.venus-dessous.ch\/index.php\/wp-json\/wp\/v2\/types\/page"}],"author":[{"embeddable":true,"href":"http:\/\/www.venus-dessous.ch\/index.php\/wp-json\/wp\/v2\/users\/1"}],"replies":[{"embeddable":true,"href":"http:\/\/www.venus-dessous.ch\/index.php\/wp-json\/wp\/v2\/comments?post=24"}],"version-history":[{"count":7,"href":"http:\/\/www.venus-dessous.ch\/index.php\/wp-json\/wp\/v2\/pages\/24\/revisions"}],"predecessor-version":[{"id":268,"href":"http:\/\/www.venus-dessous.ch\/index.php\/wp-json\/wp\/v2\/pages\/24\/revisions\/268"}],"wp:attachment":[{"href":"http:\/\/www.venus-dessous.ch\/index.php\/wp-json\/wp\/v2\/media?parent=24"}],"curies":[{"name":"wp","href":"https:\/\/api.w.org\/{rel}","templated":true}]}}